ivisor of 4263 and 87116.
29
What is the highest common divisor of 53735367 and 382?
191
Calculate the greatest common factor of 455 and 44859850.
35
Calculate the highest common divisor of 222472 and 360.
8
Calculate the greatest common factor of 751781944 and 1576.
1576
Calculate the greatest common divisor of 399 and 13374043.
19
Calculate the greatest common divisor of 1578929 and 847.
121
What is the highest common factor of 12985 and 434385?
245
What is the greatest common divisor of 13716794 and 13?
13
What is the greatest common divisor of 6502293 and 126?
63
What is the highest common factor of 609542864 and 112?
112
What is the greatest common factor of 381222 and 48663?
9
What is the greatest common divisor of 2855 and 1198529?
571
Calculate the greatest common divisor of 688090 and 4288.
134
Calculate the highest common divisor of 85928575 and 25.
25
Calculate the greatest common divisor of 138444 and 79680.
996
What is the greatest common factor of 1565100430 and 10?
10
What is the greatest common factor of 196027 and 7111966?
887
Calculate the greatest common factor of 288 and 7921656.
72
What is the highest common divisor of 28085001 and 1932?
483
Calculate the greatest common divisor of 10692736 and 128.
128
Calculate the highest common divisor of 566913 and 16362.
303
Calculate the highest common factor of 19778 and 611204.
638
Calculate the greatest common factor of 3363214 and 1270.
254
What is the highest common factor of 10 and 1641341070?
10
What is the highest common divisor of 65412 and 228720?
12
Calculate the greatest common divisor of 934292100 and 2100.
2100
What is the highest common factor of 187 and 92924703?
17
Calculate the highest common divisor of 896 and 8628.
4
What is the highest common divisor of 875 and 882770?
35
What is the highest common divisor of 420 and 8310736?
28
Calculate the highest common factor of 798 and 3966186.
42
What is the highest common factor of 2060694 and 1080?
54
Calculate the greatest common factor of 190 and 32737570.
190
What is the highest common factor of 2085 and 23427755?
695
What is the greatest common factor of 220237880 and 276?
92
Calculate the greatest common divisor of 220193660 and 703.
703
What is the greatest common factor of 126649641 and 522?
87
Calculate the highest common factor of 115375 and 1583868.
923
Calculate the highest common factor of 6859542 and 18.
6
Calculate the greatest common divisor of 150 and 1974058.
2
Calculate the greatest common factor of 959460 and 3540.
60
Calculate the greatest common factor of 200 and 768277200.
200
Calculate the greatest common divisor of 881818975 and 83.
83
What is the greatest common factor of 54384 and 161916?
1236
Calculate the greatest common divisor of 813932 and 708316.
1148
What is the highest common divisor of 4946013 and 90?
9
Calculate the highest common factor of 1748250 and 5392602.
1998
What is the highest common factor of 25217616 and 534?
534
What is the highest common factor of 917 and 230342?
7
What is the greatest common factor of 3165 and 349845?
15
What is the greatest common divisor of 85833798 and 150?
6
Calculate the highest common divisor of 1509666 and 138.
6
Calculate the highest common factor of 9733640 and 130.
10
Calculate the highest common factor of 72 and 143452602.
18
What is the highest common divisor of 1939 and 85449?
7
What is the highest common divisor of 858 and 459965220?
858
What is the greatest common divisor of 198307494 and 11088?
1386
Calculate the greatest common divisor of 6248033 and 11509.
677
What is the greatest common factor of 1020 and 191182272?
204
What is the greatest common factor of 8520663 and 9681?
1383
Calculate the greatest common divisor of 21 and 63270291.
21
What is the highest common factor of 15380201 and 11886?
283
What is the greatest common factor of 36 and 175774692?
12
Calculate the highest common factor of 3205 and 1047877955.
3205
What is the highest common factor of 175 and 12846106?
7
What is the highest common factor of 211358 and 51622?
974
Calculate the greatest common factor of 467236224 and 5760.
1152
What is the greatest common factor of 756 and 225?
9
What is the highest common factor of 19515 and 82590?
15
What is the greatest common divisor of 238500 and 39962?
106
Calculate the highest common factor of 41200 and 1772800.
400
Calculate the greatest common factor of 450108 and 10764.
36
What is the highest common divisor of 1027456 and 2208?
736
Calculate the greatest common factor of 6872 and 240105962.
1718
Calculate the highest common factor of 1639 and 15456034.
11
What is the highest common divisor of 328201896 and 1416?
1416
What is the highest common factor of 184464 and 6027?
21
What is the greatest common divisor of 6003 and 504045?
207
What is the highest common factor of 24 and 1116904?
8
Calculate the greatest common divisor of 675479511 and 724.
181
Calculate the highest common factor of 22 and 919050.
22
What is the greatest common factor of 54878405 and 30?
5
What is the greatest common divisor of 1000980 and 1500?
60
Calculate the greatest common factor of 495768 and 455.
91
What is the highest common divisor of 10316 and 3092?
4
What is the greatest common factor of 44639922 and 366?
366
What is the greatest common factor of 2733868 and 7236?
268
What is the greatest common factor of 35424 and 2592?
864
Calculate the highest common divisor of 12471040 and 960.
320
What is the highest common divisor of 13158 and 23520384?
306
What is the greatest common factor of 5143 and 7814992?
37
What is the highest common divisor of 4453899 and 3?
3
Calculate the highest common factor of 8481058 and 58138.
1418
Calculate the highest common factor of 308 and 15504236.
44
What is the greatest common divisor of 5394707 and 65236?
47
Calculate the greatest common divisor of 171 and 2913897.
57
What is the highest common factor of 110210 and 495410?
1070
What is the highest common factor of 20932057 and 275033?
2273
What is the greatest common factor of 1150 and 4290098?
46
What is the greatest common factor of 6220836 and 576?
36
What is the highest common divisor of 708932 and 14504?
196
Calculate the greatest common factor of 268 and 340401741.
67
Calculate the highest common factor of 846 and 588678.
6
Calculate the highest common divisor of 8393052 and 1065.
213
What is the greatest common divisor of 17532 and 125316?
36
What is the highest common factor of 3570541 and 3053674?
5941
Calculate the highest common divisor of 915648451 and 541.
541
What is the highest common divisor of 356499 and 325116?
99
Calculate the highest common factor of 9476233 and 52.
13
Calculate the greatest common factor of 80359668 and 18.
18
What is the highest common factor of 410458136 and 2178?
242
Calculate the highest common factor of 25873617 and 2156.
539
Calculate the greatest common factor of 276 and 13139394.
138
Calculate the highest common factor of 85842666 and 185042.
16822
What is the highest common factor of 1647 and 663009?
183
Calculate the highest common factor of 5931500 and 875.
125
Calculate the greatest common factor of 2228 and 26120.
4
Calculate the highest common factor of 35292 and 15177636.
2076
What is the highest common factor of 13709806 and 44?
22
Calculate the greatest common divisor of 335344629 and 3882.
1941
Calculate the greatest common divisor of 3716 and 118688111.
929
Calculate the highest common factor of 241128 and 26024094.
3546
Calculate the highest common factor of 1453441143 and 462.
231
Calculate the highest common divisor of 566000320 and 282.
94
Calculate the highest common factor of 156083580 and 180.
180
Calculate the greatest common factor of 1138185 and 10205.
5
Calculate the greatest common divisor of 3316209 and 22425.
897
What is the greatest common factor of 1879579 and 169?
13
What is the greatest common factor of 130 and 776774830?
130
What is the greatest common divisor of 345959 and 28107?
347
Calculate the greatest common factor of 37572 and 214737.
93
What is the greatest common factor of 34712487 and 11628?
2907
Calculate the greatest common factor of 19056334 and 220.
22
What is the highest common factor of 691062 and 25628?
298
Calculate the greatest common divisor of 348496644 and 72